lue of (0 - 9 - 1) + 5 + 3 - 2?
-4
11 + (-13 - (7 - 7 - 4))
2
What is -6 + 27 + (-66 - -23)?
-22
What is -14 + -1 - (11 + (-14 - -5) - 6)?
-11
-81 + 34 + 19 + 7
-21
What is the value of 31 + 10 + 27 + -40?
28
What is the value of 5 - (-9 + 0 + 34) - 1?
-21
20 - (-38 - -46 - (6 - -20))
38
(44 - 1) + -97 + 73
19
What is the value of 0 + 59 + -29 - 53?
-23
Calculate (42 - 26) + (1 - (7 - 3) - 2).
11
(7 + (12 - 11) - -1 - 45) + 0
-36
Evaluate -8 - -3 - (-9 - 1) - (20 - 22).
7
Evaluate -22 + 23 + (-31 - -35).
5
Calculate -28 + (24 - -13) - 21.
-12
What is the value of 2 + (-16 - (-3 + -1))?
-10
Evaluate 0 + 9 + 7 + -15 - (0 - -3).
-2
What is 3 - (3 + -10 + (30 - 30))?
10
Evaluate -11 + (-5 - (-6 + -3)).
-7
(30 + -37 - 0) + (2 + -3 - -14)
6
What is the value of 354 + -362 + (3 - (-1 - 0))?
-4
What is (2 - -10) + 15 + -57 + 17?
-13
What is (7 - (-32 - -27)) + 12?
24
What is 6 + -1 + (10 - 6) + 0 + -1?
8
Calculate 11 + 34 + 35 + -61.
19
What is -28 + 27 + -2 + -7 + (-9 - -6)?
-13
What is (297 - 275) + (1 - 32)?
-9
What is 3 + -3 - 7 - (-10 - -8) - -8?
3
-10 + (-23 - (-13 + -5))
-15
Calculate -4 + (-2 - 1) - (21 - 18).
-10
Evaluate -6 - ((33 - 37) + 5 + 17 + -5).
-19
Calculate -22 + 17 + (5 - -9).
9
Evaluate 2 - 3 - (17 - 2) - (694 - 698).
-12
Calculate 0 + 9 + (15 - (5 + -9 + 9)).
19
What is (-1 - (4 + 10)) + 8?
-7
Evaluate -21 + (23 - 32) + -1.
-31
What is the value of (-71 - -20 - -30) + -1 + 6?
-16
What is 3 + (11 + -12 - 3) + 3?
2
Evaluate -4 + -18 + -30 + 13 + 17.
-22
What is the value of (3 - -10) + (-1 - -11) + -13?
10
What is the value of (-6 - (-15 - -8) - 6) + 5?
0
What is the value of (4 - 32) + 148 + -133?
-13
Calculate -6 + -3 - (-260 - -232).
19
Evaluate -1 + -15 + 3 - -8.
-5
Evaluate (9 - 8 - 10) + -8 + 6.
-11
What is 10 - -3 - (25 + -7)?
-5
Calculate -6 - (-3 - 0) - (28 + -27).
-4
What is 1 + (-7 - (-23 - 9)) + -15?
11
-1 + -1 + (2 + -1 + -3 - -14)
10
Evaluate -8 + 2 + (0 - -14 - (49 + -38)).
-3
-1 + -7 + (77 - 46 - 3)
20
Calculate 3 - (5 + (-2 - -4) - 18).
14
Calculate 5 + -8 - (-15 + 0).
12
What is the value of 3 + -8 + (-1 - -7 - -18)?
19
(-13 + -18 - 9) + 62
22
Calculate (3 - -3 - 3) + -16.
-13
What is (23 + 47 - 68) + (0 - -20)?
22
Calculate 0 + (17 + -8 - -6) - 41.
-26
What is the value of -34 + (10 + 20 + -15 - 18)?
-37
Calculate 2 - (-16 + 16 + 13).
-11
What is 0 + 3 + -13 - -15?
5
What is the value of (-1 - 9) + (8 - (-8 - -27) - -10)?
-11
What is (-20 + 22 - 34) + 53?
21
Calculate -2 - ((-18 - -11 - -5) + 7).
-7
What is -7 - (3 + -1 + -2)?
-7
Evaluate -28 - -14 - 23 - -30.
-7
What is (11 - 2 - 6) + -11 - 3?
-11
What is the value of -13 - (-20 - (-3 - -2) - 5)?
11
Calculate 3 + -11 + (8 - 2) + 0.
-2
Calculate -18 + -5 + (2 - 0) + (98 - 93).
-16
Calculate (-1 + 4 - 18) + (-1 - (11 - 16)).
-11
What is the value of (1 - -2) + 13 + -30 + -27 + 43?
2
What is -1 + 2 + 3 + 10 + -12?
2
Evaluate (-10 - -7) + (21 - 15) + -8 + 1.
-4
Calculate 2 + (-20 - (-20 - -29)).
-27
What is the value of -18 - (-12 - (-9 + -9) - (-2 + 6))?
-20
Evaluate 3 - ((22 - 4) + -3) - -32.
20
Evaluate -10 + -23 - 2 - (3 + -3 + 2).
-37
Calculate -13 + (-8 - (2 - 9)) - (-3 - 0).
-11
What is the value of -1 - -9 - (-119 + 129)?
-2
What is -15 + (4 - -1 - (-5 + 11 - 0))?
-16
Calculate (17 - -2 - 3) + (-16 - 39).
-39
Evaluate -1 + 10 + -18 + 11 + (2 - 1).
3
Calculate (-31 + 56 - 31) + -7.
-13
What is 27 - 32 - (8 - 1) - -24 - 20?
-8
5 + -7 + (6 + -7 - -6) - 2
1
-22 - (21 - 43) - (0 + -9 + 2)
7
Calculate -11 + -1 + (-9 - -19) + -6 - -4.
-4
What is the value of (-3 - -3) + 15 - (3 + 2 + 0)?
10
Evaluate (-5 - -10 - (-7 + -4)) + -7.
9
5 - (-7 + -1 + (-8 - -13))
8
What is the value of -29 - (-10 + (8 - 7))?
-20
Calculate -17 - (-29 - 13) - 36.
-11
2 - (2 - -6) - -5
-1
Calculate (0 - (-33 - -12)) + 2.
23
What is the value of -1091 + 1109 + 15 + 2?
35
What is the value of (11 + (12 - 26) - -3) + (0 - 11)?
-11
Evaluate -102 + 103 - (20 + 0).
-19
2 - 1 - (240 - 238)
-1
Evaluate -3 + 10 + (7 - (8 - 2)) + 3.
11
Calculate (2 + -2 - 2) + (-839 - -859).
18
Evaluate (-247 - -265) + -1 + -7 + 13.
23
What is the value of -3 + (2 - (2 + -4) - -3 - 5)?
-1
Evaluate (-1 - (6 + 13 + -1)) + -5 + 11.
-13
Calculate 4 + -1 - (16 - 19) - (62 + -40).
-16
What is 18 + (3 + -2 - 7)?
12
What is 5 - ((-26 - -17) + 11)?
3
What is 1 + 7 + -9 + (3 - 0)?
2
What is the value of (2 - 3) + (-1 - 1) - (-677 + 672)?
2
Evaluate 1 - (14 - 16) - (16 + -3).
-10
Evaluate -7 + (-9 + -1 - -3) - -12.
-2
Calculate -36 + (57 - 25 - 21).
-25
What is 21 - (-2 - 6 - (1 + -7) - -6)?
17
Evaluate -25 - -3 - ((15 - 19) + -1 + 2).
-19
What is the value of -1 + (51 - -5) + -29?
26
0 + -47 - (-8 - (-31 + 44 + -14))
-40
1 + -13 + (-14 - 1 - (694 - 718))
-3
Evaluate -1 - (4 + 0 + 4 - 6).
-3
What is the value of -8 - (-14 + 1 + 7 + (0 - -8))?
-10
Evaluate -13 - 0 - (-2 + (-10 - -14)).
-15
Evaluate -15 - -8 - -1 - -10 - -12.
16
What is the value of (1 - 0 - 9) + -42 + 36 + -4?
-18
Evaluate 116 + -87 + (0 - -2) + -4.
27
What is (2 - (-1 - 0)) + (-4 - -5 - -2)?
6
Calculate -17 + -3 + 1 + 4 + -7 + 11.
-11
What is the value of -1 + 0 - -3 - 14?
-12
What is the value of (9 - (-5 + 7)) + (1 - -3 - -2)?
13
What is 27 - (27 - 10) - (0 + -3)?
13
(-13 - -15) + (-7 - 3)
-8
What is -30 + 13 + -2 - -20?
1
Evaluate -2 - (-3 + -2 + 10 + -11 + 14).
-10
What is -4 + 41 + -19 + 1?
19
-14 - (-8 + 0 + 1) - (2 - -6)
-15
What is 7 - (6 - (10 - -1 - 6)) - 19?
-13
9 + -1 + (17 - 16) + (-28 - -37)
18
Evaluate (296 - 270) + (-5 - 4).
17
What is the value of -1431 + 1434 - (-1 - (1 - 15))?
-10
What is the value of -39 - (-36 - -19) - -11?
-11
Evaluate 91 + -70 - (1 + 18) - 10.
-8
What is 8 - (-1 - (-7 + 12 + -17))?
-3
-46 - (10 + -16) - -23
-17
Calculate 15 + -12 + 8 + 6 + -7.
10
What is -43 + -1 + 86 + -97 + (23 - 2)?
-34
Calculate -2 + 28 + (-27 - -16) - (1 - -4).
10
What is the value of 10 + 2 + -22 + -4?
-14
What is the value of -13 + (26 + 4 - 12) + -3?
2
22 - (52 + -36) - (-8 + 1)
13
What is the value of (-1 - 10) + (-12 - (6 - 19))?
-10
Calculate (-25 - -1) + 1 - (541 - 542).
-22
What is the value of (-17 - -8) + (11 + -4 - -5)?
3
What is the value of -20 - (-36 + 15 + 12)?
-11
What is -8 - ((-2 - 8) + (-18 - -23))?
-3
What is the value of -1526 - -1517 - (-24 - 0)?
15
25 - ((0 - -23) + -24)
26
Calculate (2 - (-6 + 3 + 7)) + 2 + 5.
5
What is the value of 1 + (-6 - (-4 - 2))?
1
-12 + 34 - 8 - (5 + 12)
-3
What is -1 + -1 - (-23 - -12 - -13)?
-4
Evaluate 13 - (3 + (7 - 2) + -3 + 1).
7
Evaluate 13 + -19 + 21 + -2 + 0.
13
What is -21 + 18 + 6 + -1 + -5?
-3
What is 20 + -28 + (2 - 4 - -4) + -16?
-22
Evaluate (1 - 24) + 13 - -13.
3
(-1 - -1) + 2 - ((1 - 3) + 5)
-1
Evaluate (-5 + 0 - -4) + 0 + -9.
-10
Evaluate -10 - 1 - (-549 + 554 + 1 + -4).
-13
-3 + (13 - (-1 - -11))
0
What is the value of 4 + -8 + 6 + -12 + 24?
14
What is the value of -24 - (-68 + (54 - 18))?
8
What is the value of -2 + (-2 - -7) - 0 - (-4 + 1)?
6
Evaluate -1 - -14 - ((-2 - 17) + 36).
-4
Calculate -186 - -165 - (-13 - 1).
-7
Calculate 18 + -10 + -13 + -2 + 0 + -7.
-14
What is 0 - -5 - (21 + -22) - (4 - -16)?
-14
(-33 - -10) + 19 - 19 - (-2 - 1)
-20
Evaluate (1 - 1 - 7) + 12 + -13 + -21.
-29
What is the value of -22 + 11 - -18 - 3?
4
4 + (2 - -13) + (159 - 188)
-10
0 + -4 + -5 + (-19 - -8) - 9
-29
Evaluate (4 - 12 - (-22 - -24)) + 9.
-1
What is -27 - -27 - (-2 + -7 + 6)?
3
Evaluate 10 + (-8 - -8) - 5 - -18.
23
What is the value of 2 - ((4 - 2) + (-4 - -2)) - -20?
22
Calculate -8 + 4 + 4 + 3 + -6 - -26.
23
Calculate -6 - (-25 + -1 - (12 + -16 + 2)).
18
0 + ((-14 - -13) + 11 - 1)
9
(4 - (1 + -3 + -8)) + (11 - 12)
13
Evaluate (36 - 1) + (-8 - (1 + 3)).
23
What is the value of (-12 - (1 - 5)) + 30 + 7 + -16?
13
What is the value of 1159 + -1175 + (0 + (-1 - -3) - -5)?
-9
What is the value of -26 + 1 + 28 + -20 + 9?
-8
What is the value of -17 + 0 + (44 - 35) - 4?
-12
Calculate 19 + 29 + -77 + 24.
-5
(-15 - -13) + -9 + 3 + 1
-7
Evaluate (10 - 21 - 0) + 16.
5
What is the value of 1 + -4 + -64 + 61 - -7?
1
What is the value of (6 - -9) + -25 - -2 - (13 + -1)?
-20
Calculate -24 + (-6 - (9 - 35)).
-4
What is the value of -25 + (-9 - (6 - 22)) - -5?
-13
Calculate -10 - -1 - (6 + (-2 - -5)) - -8.
-10
What is the value of (0 - 16) + (20 + -8 - 1) - 7?
-12
What is (-14 - (10 - 23)) + 4?
3
What is